779?
2
What is the units digit of 2604?
4
What is the hundred thousands digit of 122444?
1
What is the units digit of 1027?
7
What is the units digit of 4201?
1
What is the thousands digit of 1963?
1
What is the thousands digit of 16024?
6
What is the hundreds digit of 27178?
1
What is the tens digit of 767?
6
What is the thousands digit of 1015?
1
What is the thousands digit of 1591?
1
What is the units digit of 337?
7
What is the hundreds digit of 96043?
0
What is the hundreds digit of 1694?
6
What is the thousands digit of 4205?
4
What is the units digit of 7688?
8
What is the ten thousands digit of 27850?
2
What is the tens digit of 652?
5
What is the ten thousands digit of 50716?
5
What is the hundreds digit of 106407?
4
What is the tens digit of 19868?
6
What is the ten thousands digit of 22997?
2
What is the thousands digit of 1681?
1
What is the thousands digit of 57780?
7
What is the hundreds digit of 255?
2
What is the tens digit of 20160?
6
What is the ten thousands digit of 86685?
8
What is the ten thousands digit of 32356?
3
What is the units digit of 4109?
9
What is the tens digit of 17988?
8
What is the thousands digit of 1456?
1
What is the units digit of 495?
5
What is the units digit of 726?
6
What is the hundreds digit of 35400?
4
What is the hundreds digit of 787?
7
What is the units digit of 11?
1
What is the ten thousands digit of 24416?
2
What is the tens digit of 329?
2
What is the hundreds digit of 4689?
6
What is the units digit of 78210?
0
What is the units digit of 19442?
2
What is the hundreds digit of 1267?
2
What is the thousands digit of 6228?
6
What is the hundred thousands digit of 134153?
1
What is the units digit of 56465?
5
What is the hundreds digit of 458?
4
What is the tens digit of 3357?
5
What is the units digit of 1671?
1
What is the tens digit of 10057?
5
What is the hundreds digit of 6694?
6
What is the units digit of 35084?
4
What is the tens digit of 556?
5
What is the thousands digit of 30336?
0
What is the hundreds digit of 56517?
5
What is the units digit of 22?
2
What is the thousands digit of 31152?
1
What is the tens digit of 4925?
2
What is the tens digit of 3309?
0
What is the hundreds digit of 1223?
2
What is the thousands digit of 7255?
7
What is the hundreds digit of 31412?
4
What is the units digit of 1134?
4
What is the units digit of 2005?
5
What is the thousands digit of 1263?
1
What is the units digit of 612?
2
What is the hundreds digit of 25809?
8
What is the tens digit of 152494?
9
What is the thousands digit of 5651?
5
What is the tens digit of 617?
1
What is the tens digit of 2208?
0
What is the hundreds digit of 48998?
9
What is the ten thousands digit of 21899?
2
What is the ten thousands digit of 12655?
1
What is the tens digit of 2758?
5
What is the ten thousands digit of 49394?
4
What is the thousands digit of 12257?
2
What is the hundreds digit of 575?
5
What is the units digit of 823?
3
What is the thousands digit of 37924?
7
What is the thousands digit of 8368?
8
What is the tens digit of 91239?
3
What is the units digit of 2833?
3
What is the hundreds digit of 38106?
1
What is the thousands digit of 2078?
2
What is the tens digit of 1779?
7
What is the ten thousands digit of 40504?
4
What is the hundreds digit of 2828?
8
What is the hundreds digit of 5199?
1
What is the hundreds digit of 7448?
4
What is the tens digit of 38480?
8
What is the hundreds digit of 40747?
7
What is the tens digit of 20196?
9
What is the thousands digit of 7187?
7
What is the units digit of 26018?
8
What is the thousands digit of 6342?
6
What is the hundreds digit of 23955?
9
What is the hundreds digit of 15704?
7
What is the units digit of 399?
9
What is the tens digit of 243?
4
What is the tens digit of 6540?
4
What is the units digit of 5540?
0
What is the hundreds digit of 4855?
8
What is the units digit of 4027?
7
What is the hundreds digit of 1837?
8
What is the thousands digit of 128261?
8
What is the units digit of 169?
9
What is the units digit of 3041?
1
What is the units digit of 1085?
5
What is the units digit of 757?
7
What is the ten thousands digit of 18224?
1
What is the units digit of 2910?
0
What is the thousands digit of 36066?
6
What is the ten thousands digit of 143261?
4
What is the thousands digit of 11752?
1
What is the thousands digit of 103606?
3
What is the ten thousands digit of 12860?
1
What is the tens digit of 286?
8
What is the units digit of 4707?
7
What is the tens digit of 755?
5
What is the hundreds digit of 59708?
7
What is the ten thousands digit of 36938?
3
What is the units digit of 3115?
5
What is the units digit of 173774?
4
What is the hundreds digit of 367?
3
What is the tens digit of 286?
8
What is the units digit of 145?
5
What is the hundreds digit of 52896?
8
What is the units digit of 2958?
8
What is the tens digit of 1897?
9
What is the units digit of 112464?
4
What is the units digit of 625?
5
What is the thousands digit of 1544?
1
What is the tens digit of 27868?
6
What is the units digit of 5230?
0
What is the thousands digit of 3233?
3
What is the tens digit of 41463?
6
What is the thousands digit of 1193?
1
What is the hundreds digit of 13772?
7
What is the hundreds digit of 148?
1
What is the hundreds digit of 12547?
5
What is the tens digit of 728?
2
What is the tens digit of 340?
4
What is the hundreds digit of 2287?
2
What is the hundred thousands digit of 136483?
1
What is the hundreds digit of 22474?
4
What is the thousands digit of 46785?
6
What is the tens digit of 16009?
0
What is the tens digit of 19594?
9
What is the hundreds digit of 730?
7
What is the units digit of 1243?
3
What is the hundreds digit of 38000?
0
What is the tens digit of 35075?
7
What is the ten thousands digit of 21445?
2
What is the units digit of 136?
6
What is the tens digit of 4777?
7
What is the units digit of 24?
4
What is the tens digit of 1036?
3
What is the units digit of 5402?
2
What is the thousands digit of 30202?
0
What is the units digit of 6609?
9
What is the thousands digit of 11361?
1
What is the units digit of 9?
9
What is the units digit of 1627?
7
What is the hundreds digit of 2244?
2
What is the tens digit of 850?
5
What is the hundreds digit of 9043?
0
What is the hundreds digit of 157526?
5
What is the units digit of 1475?
5
What is the units digit of 29936?
6
What is the tens digit of 1154?
5
What is the thousands digit of 1178?
1
What is the thousands digit of 1295?
1
What is the thousands digit of 10200?
0
What is the thousands digit of 4607?
4
What is the hundreds digit of 27245?
2
What is the ten thousands digit of 10656?
1
What is the thousands digit of 6095?
6
What is the hundreds digit of 134?
1
What is the tens digit of 309?
0
What is the hundreds digit of 30019?
0
What is the units digit of 5059?
9
What is the hundreds digit of 25737?
7
What is the hundreds digit of 69463?
4
What is the thousands digit of 1337?
1
What is the tens digit of 75?
7
What is the tens digit of 710?
1
What is the units digit of 17331?
1
What is the hundreds digit of 16931?
9
What is the units digit of 2156?
6
What is the hundreds digit of 3428?
4
What is the hundreds digit of 1720?
7
What is the hundreds digit of 918?
9
What is the hundreds digit of 599?
5
What is the tens digit of 501?
0
What is the tens digit of 487?
8
What is the tens digit of 2685?
8
What is the hundreds digit of 1054?
0
What is the tens digit of 14161?
6
What is the hundreds digit of 894?
8
What is the hundreds digit of 39728?
7
What is the units digit of 17067?
7
What is the thousands digit of 6393?
6
What is the units digit of 35418?
8
What is the hundreds digit of 40232?
2
What is the tens digit of 54?
5
What is the units digit of 4643?
3
What is the thousands digit of 1060?
1
What is the thousands digit of 1527?
1
What is the thousands digit of 67671?
7
What is the units digit of 2793?
3
What is the hundreds digit of 29569?
5
What is the thousands digit of 13626?
3
What is the tens digit of 30265?
6
What is the hundreds digit of 93635?
6
What is the tens digit of 861?
6
What is the thousands digit of 39660?
9
What is the units digit of 3422?
2
What is the units digit of 1951?
1
What is the tens digit of 691?
9
What is the ten thousands digit of 40571?
4
What is the ten